[INFO] cloning repository https://github.com/Miaxos/poc_visible_gql
[INFO] running `Command { std: "git" "-c" "credential.helper=" "-c" "credential.helper=/workspace/cargo-home/bin/git-credential-null" "clone" "--bare" "https://github.com/Miaxos/poc_visible_gql" "/workspace/cache/git-repos/https%3A%2F%2Fgithub.com%2FMiaxos%2Fpoc_visible_gql", kill_on_drop: false }`
[INFO] [stderr] Cloning into bare repository '/workspace/cache/git-repos/https%3A%2F%2Fgithub.com%2FMiaxos%2Fpoc_visible_gql'...
[INFO] running `Command { std: "git" "rev-parse" "HEAD", kill_on_drop: false }`
[INFO] [stdout] f95d181e33282667a8202a5e862314a522f8098a
[INFO] checking Miaxos/poc_visible_gql against master#e6e4f7ed1589e03bc2f6c5931c1a72e7947e8682 for beta-170-4
[INFO] running `Command { std: "git" "clone" "/workspace/cache/git-repos/https%3A%2F%2Fgithub.com%2FMiaxos%2Fpoc_visible_gql" "/workspace/builds/worker-3-tc2/source", kill_on_drop: false }`
[INFO] [stderr] Cloning into '/workspace/builds/worker-3-tc2/source'...
[INFO] [stderr] done.
[INFO] validating manifest of git repo https://github.com/Miaxos/poc_visible_gql on toolchain e6e4f7ed1589e03bc2f6c5931c1a72e7947e8682
[INFO] running `Command { std: CARGO_HOME="/workspace/cargo-home" RUSTUP_HOME="/workspace/rustup-home" "/workspace/cargo-home/bin/cargo" "+e6e4f7ed1589e03bc2f6c5931c1a72e7947e8682" "metadata" "--manifest-path" "Cargo.toml" "--no-deps", kill_on_drop: false }`
[INFO] removed /workspace/builds/worker-3-tc2/source/rust-toolchain
[INFO] started tweaking git repo https://github.com/Miaxos/poc_visible_gql
[INFO] finished tweaking git repo https://github.com/Miaxos/poc_visible_gql
[INFO] tweaked toml for git repo https://github.com/Miaxos/poc_visible_gql written to /workspace/builds/worker-3-tc2/source/Cargo.toml
[INFO] crate git repo https://github.com/Miaxos/poc_visible_gql already has a lockfile, it will not be regenerated
[INFO] running `Command { std: CARGO_HOME="/workspace/cargo-home" RUSTUP_HOME="/workspace/rustup-home" "/workspace/cargo-home/bin/cargo" "+e6e4f7ed1589e03bc2f6c5931c1a72e7947e8682" "fetch" "--manifest-path" "Cargo.toml", kill_on_drop: false }`
[INFO] running `Command { std: "docker" "create" "-v" "/var/lib/crater-agent-workspace/builds/worker-3-tc2/target:/opt/rustwide/target:rw,Z" "-v" "/var/lib/crater-agent-workspace/builds/worker-3-tc2/source:/opt/rustwide/workdir:ro,Z" "-v" "/var/lib/crater-agent-workspace/cargo-home:/opt/rustwide/cargo-home:ro,Z" "-v" "/var/lib/crater-agent-workspace/rustup-home:/opt/rustwide/rustup-home:ro,Z" "-e" "SOURCE_DIR=/opt/rustwide/workdir" "-e" "CARGO_TARGET_DIR=/opt/rustwide/target" "-e" "CARGO_HOME=/opt/rustwide/cargo-home" "-e" "RUSTUP_HOME=/opt/rustwide/rustup-home" "-w" "/opt/rustwide/workdir" "-m" "1610612736" "--user" "0:0" "--network" "none" "ghcr.io/rust-lang/crates-build-env/linux@sha256:19e73879b68f455e41552ea35293514db52ea292d993f571636dbffedb77a1ee" "/opt/rustwide/cargo-home/bin/cargo" "+e6e4f7ed1589e03bc2f6c5931c1a72e7947e8682" "metadata" "--no-deps" "--format-version=1", kill_on_drop: false }`
[INFO] [stdout] 8d6b5047711d891e6c721c70524314ba272af0919a242b8c09a9e4ae1521cd9b
[INFO] running `Command { std: "docker" "start" "-a" "8d6b5047711d891e6c721c70524314ba272af0919a242b8c09a9e4ae1521cd9b", kill_on_drop: false }`
[INFO] running `Command { std: "docker" "inspect" "8d6b5047711d891e6c721c70524314ba272af0919a242b8c09a9e4ae1521cd9b", kill_on_drop: false }`
[INFO] running `Command { std: "docker" "rm" "-f" "8d6b5047711d891e6c721c70524314ba272af0919a242b8c09a9e4ae1521cd9b", kill_on_drop: false }`
[INFO] [stdout] 8d6b5047711d891e6c721c70524314ba272af0919a242b8c09a9e4ae1521cd9b
[INFO] running `Command { std: "docker" "create" "-v" "/var/lib/crater-agent-workspace/builds/worker-3-tc2/target:/opt/rustwide/target:rw,Z" "-v" "/var/lib/crater-agent-workspace/builds/worker-3-tc2/source:/opt/rustwide/workdir:ro,Z" "-v" "/var/lib/crater-agent-workspace/cargo-home:/opt/rustwide/cargo-home:ro,Z" "-v" "/var/lib/crater-agent-workspace/rustup-home:/opt/rustwide/rustup-home:ro,Z" "-e" "SOURCE_DIR=/opt/rustwide/workdir" "-e" "CARGO_TARGET_DIR=/opt/rustwide/target" "-e" "CARGO_INCREMENTAL=0" "-e" "RUST_BACKTRACE=full" "-e" "RUSTFLAGS=--cap-lints=forbid" "-e" "RUSTDOCFLAGS=--cap-lints=forbid" "-e" "CARGO_HOME=/opt/rustwide/cargo-home" "-e" "RUSTUP_HOME=/opt/rustwide/rustup-home" "-w" "/opt/rustwide/workdir" "-m" "1610612736" "--user" "0:0" "--network" "none" "ghcr.io/rust-lang/crates-build-env/linux@sha256:19e73879b68f455e41552ea35293514db52ea292d993f571636dbffedb77a1ee" "/opt/rustwide/cargo-home/bin/cargo" "+e6e4f7ed1589e03bc2f6c5931c1a72e7947e8682" "check" "--frozen" "--all" "--all-targets" "--message-format=json", kill_on_drop: false }`
[INFO] [stdout] c9563f9422a1be1d00ea7a937510e8a9ccbf212711207b33723cfe6bf1642bf7
[INFO] running `Command { std: "docker" "start" "-a" "c9563f9422a1be1d00ea7a937510e8a9ccbf212711207b33723cfe6bf1642bf7", kill_on_drop: false }`
[INFO] [stderr]    Compiling proc-macro2 v1.0.29
[INFO] [stderr]    Compiling syn v1.0.80
[INFO] [stderr]    Compiling serde v1.0.130
[INFO] [stderr]    Compiling libc v0.2.103
[INFO] [stderr]    Compiling memchr v2.4.1
[INFO] [stderr]    Compiling futures-core v0.3.17
[INFO] [stderr]    Compiling futures-macro v0.3.17
[INFO] [stderr]     Checking futures-sink v0.3.17
[INFO] [stderr]    Compiling futures-channel v0.3.17
[INFO] [stderr]    Compiling futures-task v0.3.17
[INFO] [stderr]    Compiling futures-util v0.3.17
[INFO] [stderr]    Compiling serde_json v1.0.68
[INFO] [stderr]    Compiling typenum v1.14.0
[INFO] [stderr]     Checking instant v0.1.11
[INFO] [stderr]    Compiling httparse v1.5.1
[INFO] [stderr]     Checking futures-io v0.3.17
[INFO] [stderr]    Compiling unicase v2.6.0
[INFO] [stderr]    Compiling tokio v1.12.0
[INFO] [stderr]     Checking once_cell v1.8.0
[INFO] [stderr]     Checking matches v0.1.9
[INFO] [stderr]     Checking tinyvec v1.5.0
[INFO] [stderr]     Checking form_urlencoded v1.0.1
[INFO] [stderr]    Compiling ryu v1.0.5
[INFO] [stderr]    Compiling itoa v0.4.8
[INFO] [stderr]     Checking cpufeatures v0.2.1
[INFO] [stderr]     Checking unicode-bidi v0.3.7
[INFO] [stderr]     Checking tracing-core v0.1.21
[INFO] [stderr]     Checking remove_dir_all v0.5.3
[INFO] [stderr]    Compiling multer v2.0.1
[INFO] [stderr]     Checking utf-8 v0.7.6
[INFO] [stderr]     Checking safemem v0.3.3
[INFO] [stderr]     Checking unchecked-index v0.2.2
[INFO] [stderr]     Checking byteorder v1.4.3
[INFO] [stderr]     Checking spin v0.9.2
[INFO] [stderr]    Compiling anyhow v1.0.44
[INFO] [stderr]    Compiling mime_guess v2.0.3
[INFO] [stderr]     Checking tracing v0.1.29
[INFO] [stderr]     Checking twoway v0.1.8
[INFO] [stderr]     Checking twoway v0.2.2
[INFO] [stderr]     Checking buf_redux v0.8.4
[INFO] [stderr]     Checking aho-corasick v0.7.18
[INFO] [stderr]    Compiling quote v1.0.10
[INFO] [stderr]     Checking getrandom v0.2.3
[INFO] [stderr]     Checking parking_lot_core v0.8.5
[INFO] [stderr]     Checking signal-hook-registry v1.4.0
[INFO] [stderr]     Checking mio v0.7.13
[INFO] [stderr]     Checking num_cpus v1.13.0
[INFO] [stderr]     Checking getrandom v0.1.16
[INFO] [stderr]     Checking time v0.1.43
[INFO] [stderr]     Checking socket2 v0.4.2
[INFO] [stderr]     Checking rand_core v0.6.3
[INFO] [stderr]     Checking unicode-normalization v0.1.19
[INFO] [stderr]     Checking rand_core v0.5.1
[INFO] [stderr]     Checking parking_lot v0.11.2
[INFO] [stderr]     Checking chrono v0.4.19
[INFO] [stderr]     Checking regex v1.5.4
[INFO] [stderr]     Checking rand_chacha v0.3.1
[INFO] [stderr]     Checking rand_chacha v0.2.2
[INFO] [stderr]     Checking rand v0.8.4
[INFO] [stderr]     Checking rand v0.7.3
[INFO] [stderr]     Checking generic-array v0.14.4
[INFO] [stderr]     Checking block-buffer v0.9.0
[INFO] [stderr]     Checking digest v0.9.0
[INFO] [stderr]     Checking sha-1 v0.9.8
[INFO] [stderr]     Checking tempfile v3.2.0
[INFO] [stderr]     Checking multipart v0.17.1
[INFO] [stderr]     Checking idna v0.2.3
[INFO] [stderr]    Compiling Inflector v0.11.4
[INFO] [stderr]     Checking url v2.2.2
[INFO] [stderr]    Compiling pest_generator v2.1.3
[INFO] [stderr]    Compiling darling_core v0.12.4
[INFO] [stderr]    Compiling serde_derive v1.0.130
[INFO] [stderr]    Compiling tokio-macros v1.4.1
[INFO] [stderr]    Compiling thiserror-impl v1.0.30
[INFO] [stderr]    Compiling pest_derive v2.1.0
[INFO] [stderr]    Compiling pin-project-internal v1.0.8
[INFO] [stderr]    Compiling async-stream-impl v0.3.2
[INFO] [stderr]    Compiling async-trait v0.1.51
[INFO] [stderr]     Checking async-stream v0.3.2
[INFO] [stderr]    Compiling darling_macro v0.12.4
[INFO] [stderr]     Checking pin-project v1.0.8
[INFO] [stderr]    Compiling thiserror v1.0.30
[INFO] [stderr]    Compiling darling v0.12.4
[INFO] [stderr]     Checking futures-executor v0.3.17
[INFO] [stderr]     Checking futures v0.3.17
[INFO] [stderr]     Checking bytes v1.1.0
[INFO] [stderr]     Checking serde_urlencoded v0.7.0
[INFO] [stderr]     Checking http v0.2.5
[INFO] [stderr]     Checking input_buffer v0.4.0
[INFO] [stderr]    Compiling toml v0.5.8
[INFO] [stderr]     Checking async-graphql-value v2.10.2
[INFO] [stderr]     Checking async-graphql-parser v2.10.2
[INFO] [stderr]    Compiling proc-macro-crate v1.1.0
[INFO] [stderr]     Checking tungstenite v0.12.0
[INFO] [stderr]     Checking http-body v0.4.3
[INFO] [stderr]     Checking headers-core v0.2.0
[INFO] [stderr]     Checking headers v0.3.4
[INFO] [stderr]    Compiling async-graphql-derive v2.10.2
[INFO] [stderr]     Checking tokio-util v0.6.8
[INFO] [stderr]     Checking tokio-tungstenite v0.13.0
[INFO] [stderr]     Checking tokio-stream v0.1.7
[INFO] [stderr]     Checking h2 v0.3.6
[INFO] [stderr]     Checking hyper v0.14.13
[INFO] [stderr]     Checking async-graphql v2.10.2
[INFO] [stderr]     Checking warp v0.3.1
[INFO] [stderr]     Checking async-graphql-warp v2.10.2
[INFO] [stderr]     Checking poc_graphql_two_types v0.1.0 (/opt/rustwide/workdir)
[INFO] [stdout] error: Unknown field: `visible`
[INFO] [stdout]   --> src/main.rs:58:15
[INFO] [stdout]    |
[INFO] [stdout] 58 |     #[graphql(visible = "human_rpz")]
[INFO] [stdout]    |               ^^^^^^^^^^^^^^^^^^^^^
[INFO] [stdout] 
[INFO] [stdout] 
[INFO] [stdout] error: Unknown field: `visible`
[INFO] [stdout]   --> src/main.rs:58:15
[INFO] [stdout]    |
[INFO] [stdout] 58 |     #[graphql(visible = "human_rpz")]
[INFO] [stdout]    |               ^^^^^^^^^^^^^^^^^^^^^
[INFO] [stdout] 
[INFO] [stdout] 
[INFO] [stdout] error: Unknown field: `visible`
[INFO] [stdout]   --> src/main.rs:60:15
[INFO] [stdout]    |
[INFO] [stdout] 60 |     #[graphql(visible = "machine_rpz")]
[INFO] [stdout]    |               ^^^^^^^^^^^^^^^^^^^^^^^
[INFO] [stdout] 
[INFO] [stdout] 
[INFO] [stdout] error: Unknown field: `visible`
[INFO] [stdout]   --> src/main.rs:60:15
[INFO] [stdout]    |
[INFO] [stdout] 60 |     #[graphql(visible = "machine_rpz")]
[INFO] [stdout]    |               ^^^^^^^^^^^^^^^^^^^^^^^
[INFO] [stdout] 
[INFO] [stdout] 
[INFO] [stdout] note: trace_macro
[INFO] [stdout]    --> src/main.rs:100:17
[INFO] [stdout]     |
[INFO] [stdout] 100 |                 println!("Accept headers: {}", headers);
[INFO] [stdout]     |                 ^^^^^^^^^^^^^^^^^^^^^^^^^^^^^^^^^^^^^^^
[INFO] [stdout]     |
[INFO] [stdout]     = note: expanding `println! { "Accept headers: {}", headers }`
[INFO] [stdout]     = note: to `{
[INFO] [stdout]                 $crate :: io ::
[INFO] [stdout]                 _print($crate :: format_args_nl! ("Accept headers: {}", headers)) ;
[INFO] [stdout]             }`
[INFO] [stdout] 
[INFO] [stdout] 
[INFO] [stdout] note: trace_macro
[INFO] [stdout]    --> src/main.rs:100:17
[INFO] [stdout]     |
[INFO] [stdout] 100 |                 println!("Accept headers: {}", headers);
[INFO] [stdout]     |                 ^^^^^^^^^^^^^^^^^^^^^^^^^^^^^^^^^^^^^^^
[INFO] [stdout]     |
[INFO] [stdout]     = note: expanding `println! { "Accept headers: {}", headers }`
[INFO] [stdout]     = note: to `{
[INFO] [stdout]                 $crate :: io ::
[INFO] [stdout]                 _print($crate :: format_args_nl! ("Accept headers: {}", headers)) ;
[INFO] [stdout]             }`
[INFO] [stdout] 
[INFO] [stdout] 
[INFO] [stdout] error[E0277]: the trait bound `Duration: async_graphql::Type` is not satisfied
[INFO] [stdout]   --> src/main.rs:67:1
[INFO] [stdout]    |
[INFO] [stdout] 67 | #[Object]
[INFO] [stdout]    | ^^^^^^^^^ the trait `async_graphql::Type` is not implemented for `Duration`
[INFO] [stdout]    |
[INFO] [stdout]    = help: the following other types implement trait `async_graphql::Type`:
[INFO] [stdout]              &'a [T]
[INFO] [stdout]              &T
[INFO] [stdout]              Arc<T>
[INFO] [stdout]              BTreeMap<K, T>
[INFO] [stdout]              BTreeSet<T>
[INFO] [stdout]              Box<T>
[INFO] [stdout]              Cow<'a, T>
[INFO] [stdout]              Edge<C, T, E>
[INFO] [stdout]            and 58 others
[INFO] [stdout]    = note: this error originates in the attribute macro `Object` (in Nightly builds, run with -Z macro-backtrace for more info)
[INFO] [stdout] 
[INFO] [stdout] 
[INFO] [stdout] error[E0277]: the trait bound `Duration: async_graphql::Type` is not satisfied
[INFO] [stdout]   --> src/main.rs:67:1
[INFO] [stdout]    |
[INFO] [stdout] 67 | #[Object]
[INFO] [stdout]    | ^^^^^^^^^ the trait `async_graphql::Type` is not implemented for `Duration`
[INFO] [stdout]    |
[INFO] [stdout]    = help: the following other types implement trait `async_graphql::Type`:
[INFO] [stdout]              &'a [T]
[INFO] [stdout]              &T
[INFO] [stdout]              Arc<T>
[INFO] [stdout]              BTreeMap<K, T>
[INFO] [stdout]              BTreeSet<T>
[INFO] [stdout]              Box<T>
[INFO] [stdout]              Cow<'a, T>
[INFO] [stdout]              Edge<C, T, E>
[INFO] [stdout]            and 58 others
[INFO] [stdout]    = note: this error originates in the attribute macro `Object` (in Nightly builds, run with -Z macro-backtrace for more info)
[INFO] [stdout] 
[INFO] [stdout] 
[INFO] [stdout] error[E0277]: the trait bound `Duration: OutputType` is not satisfied
[INFO] [stdout]   --> src/main.rs:67:1
[INFO] [stdout]    |
[INFO] [stdout] 67 | #[Object]
[INFO] [stdout]    | ^^^^^^^^^ the trait `OutputType` is not implemented for `Duration`
[INFO] [stdout]    |
[INFO] [stdout]    = help: the following other types implement trait `OutputType`:
[INFO] [stdout]              &'impl0 T
[INFO] [stdout]              &'impl0 [T]
[INFO] [stdout]              Arc<T>
[INFO] [stdout]              BTreeMap<K, T>
[INFO] [stdout]              BTreeSet<T>
[INFO] [stdout]              Box<T>
[INFO] [stdout]              Cow<'a, T>
[INFO] [stdout]              Edge<C, T, E>
[INFO] [stdout]            and 55 others
[INFO] [stdout]    = note: this error originates in the attribute macro `Object` (in Nightly builds, run with -Z macro-backtrace for more info)
[INFO] [stdout] 
[INFO] [stdout] 
[INFO] [stdout] error[E0277]: the trait bound `Duration: OutputType` is not satisfied
[INFO] [stdout]   --> src/main.rs:67:1
[INFO] [stdout]    |
[INFO] [stdout] 67 | #[Object]
[INFO] [stdout]    | ^^^^^^^^^ the trait `OutputType` is not implemented for `Duration`
[INFO] [stdout]    |
[INFO] [stdout]    = help: the following other types implement trait `OutputType`:
[INFO] [stdout]              &'impl0 T
[INFO] [stdout]              &'impl0 [T]
[INFO] [stdout]              Arc<T>
[INFO] [stdout]              BTreeMap<K, T>
[INFO] [stdout]              BTreeSet<T>
[INFO] [stdout]              Box<T>
[INFO] [stdout]              Cow<'a, T>
[INFO] [stdout]              Edge<C, T, E>
[INFO] [stdout]            and 55 others
[INFO] [stdout]    = note: this error originates in the attribute macro `Object` (in Nightly builds, run with -Z macro-backtrace for more info)
[INFO] [stdout] 
[INFO] [stdout] 
[INFO] [stdout] error: aborting due to 4 previous errors
[INFO] [stdout] 
[INFO] [stdout] 
[INFO] [stdout] For more information about this error, try `rustc --explain E0277`.
[INFO] [stdout] 
[INFO] [stdout] error: aborting due to 4 previous errors
[INFO] [stdout] 
[INFO] [stdout] 
[INFO] [stdout] For more information about this error, try `rustc --explain E0277`.
[INFO] [stdout] 
[INFO] [stderr] error: could not compile `poc_graphql_two_types` (bin "poc_graphql_two_types") due to 5 previous errors
[INFO] [stderr] warning: build failed, waiting for other jobs to finish...
[INFO] [stderr] error: could not compile `poc_graphql_two_types` (bin "poc_graphql_two_types" test) due to 5 previous errors
[INFO] running `Command { std: "docker" "inspect" "c9563f9422a1be1d00ea7a937510e8a9ccbf212711207b33723cfe6bf1642bf7", kill_on_drop: false }`
[INFO] running `Command { std: "docker" "rm" "-f" "c9563f9422a1be1d00ea7a937510e8a9ccbf212711207b33723cfe6bf1642bf7", kill_on_drop: false }`
[INFO] [stdout] c9563f9422a1be1d00ea7a937510e8a9ccbf212711207b33723cfe6bf1642bf7
